 + 28?
10
Let x = 3 - -2. Let v(h) = h**2 - 7*h + 6. Let p be v(6). Suppose 5*n = 3*u - 8 + 27, 5*u - 2*n = p. Calculate the remainder when x is divided by u.
1
Suppose 12*m + 81 = 15*m. Let i(f) = f**2 - 4*f + 5. What is the remainder when m is divided by i(4)?
2
Suppose 4*l - 2*j = j + 462, 5*l - 589 = -2*j. What is the remainder when l is divided by 17/(-5 - (-7 - -1))?
15
Let v = -3089 - -3297. Calculate the remainder when 628 is divided by v.
4
Suppose 72 + 222 = 3*h. Calculate the remainder when 484 is divided by h.
92
Let q = 27 + 34. Calculate the remainder when 177 is divided by q.
55
Suppose 10*u - 5*u = 40. What is the remainder when 158 is divided by u?
6
Suppose j = n - 3*j - 6, 0 = n - 2*j - 8. Let t(c) = -c**2 + 23*c + 4. Calculate the remainder when t(n) is divided by (-34)/((-2 + 1)*1).
32
Let v(g) = g**2 - 13*g + 107. Calculate the remainder when v(18) is divided by 18.
17
Let a be 11/((-55)/(-290)) - 1. Suppose -3*o + 7*o + a = x, -5*o + 186 = 4*x. What is the remainder when 191 is divided by x?
44
Let w = -224 + 660. Let l be (-6)/4 - w/(-8). Suppose 0*s = s - l. Calculate the remainder when s is divided by 14.
11
Let x be 315/147 - (-1)/(-7). Suppose -t + 52 = t + x*v, -v - 5 = 0. What is the remainder when t is divided by 9?
4
Suppose 2*y = 5*r - 35 + 128, -3*y = 3*r - 150. Calculate the remainder when 89 is divided by y.
40
Let k(t) = 0 + 1 - 3*t**2 + 10*t**2. Suppose 51*z + 26 = -25. What is the remainder when k(z) is divided by 2?
0
Let q(a) = -9*a - 12. Let z be q(-6). Suppose 0 = 6*u - z + 24. What is the remainder when u is divided by 3?
0
Let y(t) = -2*t**3 - 5*t**2 + 6*t. What is the remainder when y(-5) is divided by 4/((-14)/((-924)/11))?
23
Let f = 17 + -98. Let n(s) = 54*s**2 + s. Calculate the remainder when n(-1) is divided by (f/6)/((-6)/8).
17
Suppose 0 = 3*h + 2*b + 51, -5*h - 5*b + b = 85. Let d = 40 + h. Suppose v = -4*v + 455. Calculate the remainder when v is divided by d.
22
Let x(p) = p**2 - 13. Let h be x(0). Let b = 25 + h. Calculate the remainder when 28 is divided by b/(-16) - (-129)/12.
8
Let g(n) = 2*n**3 - 2*n**2 - 2*n + 12. Let b be -4*(45/(-12))/5. Calculate the remainder when 79 is divided by g(b).
37
Let u be 0 + 18*2/4. Let z(o) = o**2 + 12*o - 8. Let h be z(-13). Suppose -h*j = -46 - u. What is the remainder when j is divided by 6?
5
Let o(p) = 7*p + 4. Let u = -3 - -16. What is the remainder when o(u) is divided by 12?
11
Suppose -4*t + 7*t - 23 = 2*k, -2*t + 2*k + 12 = 0. Let d be ((-48)/(-10))/(18/60). Suppose -49*i + 45*i = -d. Calculate the remainder when t is divided by i.
3
Let s be 2 + 0*(1 - 2). What is the remainder when (18 + s)*-6*4/(-16) is divided by 9?
3
Let x be 4*((-12)/16 + 2). Let d = 22 - x. Calculate the remainder when 34 is divided by 0 - -6 - (d - 20).
7
Suppose 7*l - 3*l = 52. Suppose 3*p = p + g - 141, 121 = -2*p + 5*g. Let r = 136 + p. What is the remainder when r is divided by l?
11
Let r = 234 - 171. What is the remainder when r is divided by 16?
15
Suppose 11*v + 130 = 16*v. Suppose 0*t + 84 = 3*t. Calculate the remainder when v is divided by 3/(-2*(-3)/t).
12
Suppose -10*s + 192 = 2*s. What is the remainder when 25/(-10)*504/(-20) is divided by s?
15
Calculate the remainder when 4 is divided by 18 + -25 - (-33)/3.
0
Let o = -3 - -8. Suppose o*x = 2 + 23. Suppose -125 = -x*t + 120. Calculate the remainder when t is divided by 17.
15
Suppose -2*p + 2*w = -10, 2*p + 3 = -w + 7. Calculate the remainder when 30 is divided by p.
0
Suppose -z + 24 = -16. Suppose r = -2*r + 4*q + 33, 4*r - z = 4*q. What is the remainder when 27 is divided by r?
6
Let o be (-180)/(-99) + (-4)/(-22). Suppose -4*s = f - 71, 0*f = -o*f - 2*s + 142. Let k = f + 1. What is the remainder when k is divided by 25?
22
Let l = 67 + -32. Suppose 4*o - 2*o = -5*y - 45, 4*o + 111 = -3*y. Let j = -11 - o. Calculate the remainder when l is divided by j.
16
Let v = -1098 - -1216. What is the remainder when v is divided by 39?
1
Let u(a) = -a**3 + 8*a**2 + 9*a + 11. Let y(j) = -23*j**3 - 2*j + 1. Let v be y(1). Let b = -15 - v. What is the remainder when u(b) is divided by 7?
4
Let w(v) = 98*v**2 + 41*v. What is the remainder when 117 is divided by w(-1)?
3
Suppose 4*c - 6 = -5*o, 0*o + c = o - 3. Suppose -3*q = -p - 10, 4*q - 11 = p - o*p. What is the remainder when 38 is divided by -5 - (q + -7) - -21?
18
Suppose 0*b - 7 = -b. Suppose -b*f = -4*f - 18. Let s(r) = 2*r**2 + 7*r - 7. What is the remainder when s(-6) is divided by f?
5
Let d(m) = -m**2 + 80*m - 85. What is the remainder when d(78) is divided by -3*1/(-6)*12?
5
Suppose -2*l + 929 = -3*v, v + 21 = 18. What is the remainder when l is divided by 18?
10
Suppose 3*c = -0*c - 3, x + 3 = -5*c. Suppose -2*y = -25 + 17. What is the remainder when y is divided by x?
0
Suppose 9*b = -10*b + 779. Calculate the remainder when 114 is divided by b.
32
Let n(f) = -15*f**3 - 5*f**2 - 12*f - 23. Suppose -2 = -h + 32. Calculate the remainder when n(-2) is divided by h.
33
Let b be 5/(-2)*(3 + -1). Let k = b - -15. Calculate the remainder when k is divided by 6.
4
Suppose 5*k + 0*b = -2*b - 124, -3*k = -2*b + 68. Let l = k - -40. Calculate the remainder when 4/l - (-537)/12 is divided by 24.
21
Let a(v) = -59*v + 655. What is the remainder when a(-9) is divided by 22?
20
Suppose -3*d - g + 60 - 1 = 0, -75 = -3*d + 3*g. Suppose 3*u + 3*a - 103 - 5 = 0, -4*a = -u + d. Calculate the remainder when 62 is divided by u.
29
What is the remainder when 335 is divided by -6*((-4)/(-5))/(14/(-35))?
11
Suppose 9 - 129 = -5*l. Calculate the remainder when 45 is divided by (-16)/3*(-54)/l.
9
Suppose 0 = -6*v + 3*v + 99. Suppose -21*o = -14*o + 490. What is the remainder when (2744/o)/(1 + (-21)/15) is divided by v?
32
Calculate the remainder when 50 is divided by 266/10 - (-4)/10.
23
Let p(o) be the third derivative of o**5/20 - o**4/12 - o**3/3 - 2*o**2. Let m = 47 - 31. What is the remainder when p(-3) is divided by m?
15
Let h be (-2 + 4)/(4/(-122)). Let i = h + 91. Suppose 162 = -5*s + 597. Calculate the remainder when s is divided by i.
27
Suppose -78*b = -77*b - 24. Calculate the remainder when 92 is divided by b.
20
Calculate the remainder when 64 is divided by 1/(-5) - (4 + 136/(-5)).
18
Calculate the remainder when 280 - -1*(8 - 12) is divided by 89.
9
Calculate the remainder when 274 is divided by ((-55)/20)/((-1)/20).
54
Calculate the remainder when 92 is divided by (6909/(-49))/(3*-1).
45
Suppose 0 = -o - 16 - 58. What is the remainder when 19 is divided by (5 + o/6)/((-6)/9)?
8
Let u = 235 - 217. Calculate the remainder when u is divided by 11.
7
Let w(k) = -22*k - 16. Let d(m) = 33*m + 24. Let q(i) = 5*d(i) + 8*w(i). What is the remainder when q(-2) is divided by (-4)/6 - 14/(-3)?
2
Let y(a) = 4*a**2 - 1. Let v be y(1). Suppose -v*b + 39 = -99. What is the remainder when 137 is divided by b?
45
Suppose -15 = -v + 5*z, 0*v + 5*z = -5*v + 105. Suppose 3 = u - v. Let w = u + -20. What is the remainder when 4 is divided by w?
1
Let v(a) = -a**2 - 11*a - 16. Let n be v(-10). Calculate the remainder when (-264)/(-16)*(-4)/n is divided by 3.
2
Let u(k) = 18*k + 11*k + 14*k + 6 + 27*k. What is the remainder when u(2) is divided by 49?
48
Suppose 200 = 5*a - 3*a. Suppose 3*f + 64 = 2*b, 18*b - 14*b = -2*f + 96. What is the remainder when a is divided by b?
22
Suppose -4*d + 22 = -2*d. Suppose 4*t - 19 = -2*w + 1, 2*t + 2 = -4*w. What is the remainder when d is divided by t?
4
Let j(s) = s - 1. Let d(f) = 5*f - 14. Let a(l) = -d(l) + 4*j(l). Suppose 0 = 4*u - 20. Calculate the remainder when 12 is divided by a(u).
2
Suppose 205 = 3*u + 4*g, 0 = -5*u + 2*g + g + 332. Calculate the remainder when u is divided by 15.
7
Suppose 0 = -5*p + 2*p + 18. Let s be 82/(-12) - p/36. Let i(l) = l**2 + 5*l - 1. What is the remainder when 35 is divided by i(s)?
9
Let z = 6 + -8. Calculate the remainder when 33 is divided by (2 - (z + 3))*12.
9
Let o(n) = -9*n - 16 + n**3 + n**2 - 15*n - 5*n**2 + 17*n. Calculate the remainder when o(7) is divided by 0 - -19 - (-4)/(-2).
14
Calculate the remainder when 268 is divided by (-234)/(-5 - -14)*6/(-4).
34
Let d = 30 - 18. Calculate the remainder when 30/2*(-187)/(-85) is divided by d.
9
Let h(l) = -l**3 + 11*l**2 - 27*l + 83. What is 